 by 7711?
482
What is the remainder when 425392 is divided by 19200?
2992
Calculate the remainder when 121008121 is divided by 27.
7
Calculate the remainder when 1155286 is divided by 10.
6
Calculate the remainder when 2570753 is divided by 217.
171
Calculate the remainder when 978501 is divided by 53.
15
What is the remainder when 240007 is divided by 47171?
4152
What is the remainder when 15165670 is divided by 143?
91
What is the remainder when 2226584 is divided by 41233?
2
Calculate the remainder when 2732438 is divided by 910789.
71
What is the remainder when 235712 is divided by 3320?
3312
Calculate the remainder when 749333 is divided by 157.
129
Calculate the remainder when 198171 is divided by 122.
43
What is the remainder when 42326 is divided by 6846?
1250
Calculate the remainder when 147699 is divided by 2534.
727
Calculate the remainder when 99556706 is divided by 15.
11
Calculate the remainder when 2170618 is divided by 20.
18
Calculate the remainder when 56140 is divided by 472.
444
Calculate the remainder when 8959821 is divided by 4479752.
317
Calculate the remainder when 2179547 is divided by 576.
539
Calculate the remainder when 1596804 is divided by 301.
300
Calculate the remainder when 15133764 is divided by 560507.
75
What is the remainder when 1519994 is divided by 530?
484
Calculate the remainder when 1253413 is divided by 250664.
93
What is the remainder when 861458 is divided by 810?
428
Calculate the remainder when 8905047 is divided by 3118.
39
What is the remainder when 3629557 is divided by 2224?
2213
Calculate the remainder when 337856 is divided by 1396.
24
Calculate the remainder when 129530920 is divided by 112.
8
What is the remainder when 6224296 is divided by 6224231?
65
Calculate the remainder when 3636646 is divided by 25.
21
What is the remainder when 173694908 is divided by 373?
371
Calculate the remainder when 2948401 is divided by 5670.
1
Calculate the remainder when 68248960 is divided by 42417.
7
What is the remainder when 310041 is divided by 23815?
446
What is the remainder when 211301 is divided by 13206?
5
What is the remainder when 1453789 is divided by 457?
72
Calculate the remainder when 3476193 is divided by 36.
33
Calculate the remainder when 22188784 is divided by 672387.
13
Calculate the remainder when 93170909 is divided by 1888.
1885
What is the remainder when 32226148 is divided by 22?
20
Calculate the remainder when 5297286 is divided by 1821.
1818
Calculate the remainder when 1927434 is divided by 64.
10
Calculate the remainder when 11190148 is divided by 29141.
4
Calculate the remainder when 131648 is divided by 3134.
20
Calculate the remainder when 7150583 is divided by 2762.
2527
What is the remainder when 156394 is divided by 25838?
1366
What is the remainder when 7735835 is divided by 24480?
155
What is the remainder when 6090725 is divided by 1397?
1202
Calculate the remainder when 4645134 is divided by 388.
386
Calculate the remainder when 155016 is divided by 3789.
3456
Calculate the remainder when 8981182 is divided by 12.
10
Calculate the remainder when 16686881 is divided by 24.
17
Calculate the remainder when 343995 is divided by 200.
195
Calculate the remainder when 471727 is divided by 989.
963
Calculate the remainder when 2141494 is divided by 1070742.
10
Calculate the remainder when 820704 is divided by 4.
0
Calculate the remainder when 68033 is divided by 713.
298
What is the remainder when 58279 is divided by 2701?
1558
What is the remainder when 279349 is divided by 4744?
4197
Calculate the remainder when 12447059 is divided by 1131550.
9
Calculate the remainder when 58162959 is divided by 1264.
1263
Calculate the remainder when 861369 is divided by 287111.
36
What is the remainder when 1097895 is divided by 673?
232
What is the remainder when 799353 is divided by 31826?
3703
Calculate the remainder when 6196128 is divided by 4139.
45
What is the remainder when 235096432 is divided by 51?
49
What is the remainder when 20957922 is divided by 22?
18
What is the remainder when 280435 is divided by 13?
12
What is the remainder when 504910938 is divided by 190?
188
Calculate the remainder when 96287 is divided by 1522.
401
What is the remainder when 661892 is divided by 110276?
236
Calculate the remainder when 6492573 is divided by 40.
13
Calculate the remainder when 19266 is divided by 3763.
451
Calculate the remainder when 265845 is divided by 131704.
2437
Calculate the remainder when 16934 is divided by 208.
86
What is the remainder when 252103 is divided by 125415?
1273
Calculate the remainder when 20252857 is divided by 10126418.
21
What is the remainder when 714110 is divided by 11704?
166
Calculate the remainder when 81968 is divided by 890.
88
Calculate the remainder when 32896806 is divided by 46.
44
Calculate the remainder when 1975246 is divided by 5674.
694
Calculate the remainder when 435298 is divided by 86944.
578
What is the remainder when 9194861 is divided by 417948?
5
Calculate the remainder when 30022 is divided by 14994.
34
Calculate the remainder when 736959 is divided by 1087.
1060
What is the remainder when 50272173 is divided by 29245?
18
Calculate the remainder when 970767 is divided by 121341.
39
What is the remainder when 1188321 is divided by 9994?
9029
What is the remainder when 6990366 is divided by 3495157?
52
What is the remainder when 39743 is divided by 19688?
367
What is the remainder when 224528 is divided by 56122?
40
What is the remainder when 387256 is divided by 143?
12
What is the remainder when 53560569 is divided by 10625?
10569
What is the remainder when 22742138 is divided by 22742122?
16
What is the remainder when 1251246 is divided by 1462?
1236
What is the remainder when 16380087 is divided by 282415?
17
Calculate the remainder when 464736 is divided by 19353.
264
Calculate the remainder when 15326344 is divided by 60.
4
What is the remainder when 560969 is divided by 8126?
275
Calculate the remainder when 27635 is divided by 3989.
3701
What is the remainder when 1518526 is divided by 121?
97
What is the remainder when 14945 is divided by 363?
62
What is the remainder when 396966 is divided by 3289?
2286
What is the remainder when 772346 is divided by 10611?
8354
What is the remainder when 77232 is divided by 38388?
456
What is the remainder when 244626226 is divided by 154?
152
Calculate the remainder when 10200394 is divided by 14387.
11
Calculate the remainder when 7820090 is divided by 862.
26
What is the remainder when 17784 is divided by 5764?
492
Calculate the remainder when 109514346 is divided by 2399.
2395
What is the remainder when 664758 is divided by 17484?
366
What is the remainder when 480386 is divided by 480173?
213
Calculate the remainder when 957442 is divided by 262.
94
What is the remainder when 161244 is divided by 32245?
19
What is the remainder when 1212080 is divided by 563?
504
What is the remainder when 966207 is divided by 24654?
4701
Calculate the remainder when 150142387 is divided by 1487.
1484
Calculate the remainder when 1987308 is divided by 151.
148
What is the remainder when 171007 is divided by 27908?
3559
Calculate the remainder when 12920840 is divided by 1189.
1166
What is the remainder when 8450303 is divided by 3?
2
Calculate the remainder when 192120 is divided by 162.
150
What is the remainder when 7487815 is divided by 60?
55
What is the remainder when 122685 is divided by 2009?
136
Calculate the remainder when 294500 is divided by 909.
893
What is the remainder when 18110352 is divided by 899?
896
Calculate the remainder when 346642 is divided by 1044.
34
What is the remainder when 1382363 is divided by 387?
386
What is the remainder when 52455718 is divided by 3720?
3718
What is the remainder when 158188 is divided by 697?
666
Calculate the remainder when 234338 is divided by 222.
128
Calculate the remainder when 11645218 is divided by 1335.
13
What is the remainder when 11529764 is divided by 156?
116
Calculate the remainder when 1124037 is divided by 832.
5
What is the remainder when 1811913 is divided by 452893?
341
Calculate the remainder when 8183806 is divided by 601.
590
Calculate the remainder when 1051 is divided by 33.
28
What is the remainder when 82444960 is